{"id":26093,"date":"2022-01-20T06:12:35","date_gmt":"2022-01-20T05:12:35","guid":{"rendered":"https:\/\/colegiolourdes.es\/?page_id=26093"},"modified":"2025-05-05T11:49:00","modified_gmt":"2025-05-05T09:49:00","slug":"aviso-legal","status":"publish","type":"page","link":"https:\/\/colegiolourdes.es\/index.php\/aviso-legal\/","title":{"rendered":"Aviso Legal"},"content":{"rendered":"<div class=\"brz-root__container brz-reset-all brz brz-root__container-page\">\n<section id=\"_nhwiecbemkwafhfskdkhqovplrnnkpauuttv\" class=\"brz-section brz-css-y18f6x\">\n<div class=\"brz-section__content brz-section--boxed brz-css-14h16lx\" data-brz-custom-id=\"rfmhjooawemvshzferhxpwfrbrjwvgkguptu\">\n<div class=\"brz-container brz-css-2kw30v\">\n<div id=\"\" class=\"brz-css-8ln3qp brz-wrapper\">\n<div class=\"brz-rich-text brz-rich-text__custom brz-css-1gfjkfd\" data-brz-custom-id=\"gqghpuxjgzyoxfajwkxoqxeunzcufcxetxdp\">\n<div data-brz-translate-text=\"1\">\n<p class=\"brz-tp-lg-paragraph brz-css-oLfWz\" data-generated-css=\"brz-css-kclmu\" data-uniq-id=\"jkomo\"><span class=\"brz-cp-color2\">Las presentes Condiciones Generales tienen por objeto regular las condiciones de uso del Sitio Web https:\/\/colegiolourdes.es\/ (en adelante, \u201cla web\u201d), cuyo titular es COLEGIO NUESTRA SE\u00d1ORA DE LOURDES, (en adelante, C.NTRA SE\u00d1ORA DE LOURDES), con CIF R4700294D, domicilio en C\/Paulina Harriet, 22, 47006, Valladolid e inscrita en el Registro de entidades religiosas con el n\u00famero 6910 y con el que se puede poner en contacto a trav\u00e9s de info@colegiolourdes.es y del tel\u00e9fono 983334822.<\/span><\/p>\n<p class=\"brz-tp-lg-paragraph brz-css-hBOWV\" data-generated-css=\"brz-css-ykdhr\" data-uniq-id=\"fbjfa\"><\/p>\n<p class=\"brz-tp-lg-paragraph brz-css-cI_AQ\" data-generated-css=\"brz-css-wqfsi\" data-uniq-id=\"vophi\"><span class=\"brz-cp-color2\">1. Condiciones de acceso.<\/span><\/p>\n<p class=\"brz-tp-lg-paragraph brz-css-y0XQc\" data-generated-css=\"brz-css-emgjg\" data-uniq-id=\"qwfqc\"><\/p>\n<p class=\"brz-tp-lg-paragraph brz-css-mREew\" data-generated-css=\"brz-css-dfbhe\" data-uniq-id=\"ldcbe\"><span class=\"brz-cp-color2\">La finalidad de esta web es facilitar informaci\u00f3n sobre nuestros servicios y actividades. Su utilizaci\u00f3n supone la aceptaci\u00f3n plena por el Usuario de estas condiciones, por lo que si no est\u00e1 de acuerdo con el contenido de las mismas deber\u00e1 abstenerse de hacer uso de la web, as\u00ed como de los servicios ofrecidos en ella. C.NTRA SE\u00d1ORA DE LOURDES se reserva el derecho a efectuar las modificaciones que estime oportunas, pudiendo modificar, suprimir o incluir, sin previo aviso, nuevos contenidos y\/o servicios, as\u00ed como la forma en que \u00e9stos aparezcan presentados y localizados y las condiciones de uso de la web.<\/span><\/p>\n<p class=\"brz-tp-lg-paragraph brz-css-l2fhD\" data-generated-css=\"brz-css-ovocj\" data-uniq-id=\"gqnfj\"><\/p>\n<p class=\"brz-tp-lg-paragraph brz-css-m2nba\" data-generated-css=\"brz-css-nsets\" data-uniq-id=\"jqskm\"><span class=\"brz-cp-color2\">El Usuario acepta que el acceso y uso de la web y de los contenidos incluidos en la misma tiene lugar libre y conscientemente, bajo su exclusiva responsabilidad, y en consecuencia se compromete a:<\/span><\/p>\n<p class=\"brz-tp-lg-paragraph brz-css-cowSo\" data-generated-css=\"brz-css-mgwxs\" data-uniq-id=\"cnbwu\"><\/p>\n<p class=\"brz-tp-lg-paragraph brz-css-sy_fL\" data-generated-css=\"brz-css-vnxww\" data-uniq-id=\"hhkep\"><span class=\"brz-cp-color2\">\u23af No utilizar la web para la realizaci\u00f3n de actividades contrarias a la ley, a la moral, al orden p\u00fablico, en general, y hacer un uso l\u00edcito y honrado conforme a las presentes Condiciones Generales, as\u00ed como abstenerse de realizar cualquier acto que pudiera da\u00f1ar, inutilizar, sobrecargar o deteriorar la web y\/o impedir el normal uso y utilizaci\u00f3n por parte del resto de Usuarios.<\/span><\/p>\n<p class=\"brz-tp-lg-paragraph brz-css-pdm9u\" data-generated-css=\"brz-css-wfsaq\" data-uniq-id=\"euzpg\"><\/p>\n<p class=\"brz-tp-lg-paragraph brz-css-rgVot\" data-generated-css=\"brz-css-wwxui\" data-uniq-id=\"xsphd\"><span class=\"brz-cp-color2\">\u23af No manipular o alterar cualquier contenido de la web sin el consentimiento expreso y por escrito de su titular. Cualquier alteraci\u00f3n, modificaci\u00f3n o manipulaci\u00f3n sin el consentimiento de su titular, exime a su \u00e9ste de responsabilidad alguna.<\/span><\/p>\n<p class=\"brz-tp-lg-paragraph brz-css-gEmfb\" data-generated-css=\"brz-css-yskpg\" data-uniq-id=\"tadno\"><\/p>\n<p class=\"brz-tp-lg-paragraph brz-css-g2O00\" data-generated-css=\"brz-css-hvsjd\" data-uniq-id=\"wdzex\"><span class=\"brz-cp-color2\">\u23af No reproducir, copiar, distribuir, comunicar p\u00fablicamente, transformar o modificar los contenidos, a menos que se cuente con la preceptiva autorizaci\u00f3n del titular de los correspondientes derechos o ello resulte legalmente permitido; as\u00ed como suprimir, eludir o manipular el Copyright y dem\u00e1s datos identificativos de los derechos de C.NTRA SE\u00d1ORA DE LOURDES o de sus titulares incorporados a los contenidos, as\u00ed como los dispositivos t\u00e9cnicos de protecci\u00f3n, o cualesquiera mecanismos de informaci\u00f3n que pudieren contener los rese\u00f1ados contenidos.<\/span><\/p>\n<p class=\"brz-tp-lg-paragraph brz-css-yeicW\" data-generated-css=\"brz-css-bjyos\" data-uniq-id=\"wtwoy\"><\/p>\n<p class=\"brz-tp-lg-paragraph brz-css-bb4Jg\" data-generated-css=\"brz-css-qnogf\" data-uniq-id=\"xedei\"><span class=\"brz-cp-color2\">\u23af No introducir o difundir en la web, programas de datos (virus o cualquier tipo de software de car\u00e1cter nocivo) susceptibles de provocar da\u00f1os en la web. C.NTRA SE\u00d1ORA DE LOURDES no garantiza la disponibilidad y continuidad de la web ni se hace responsable de cualesquiera da\u00f1os y perjuicios puedan producirse, ni de los defectos t\u00e9cnicos, incluidos virus u otros elementos lesivos, cualquiera que sea la naturaleza, derivados del uso de la informaci\u00f3n y de las materias contenidas en la web.<\/span><\/p>\n<p class=\"brz-tp-lg-paragraph brz-css-dG3a0\" data-generated-css=\"brz-css-rludl\" data-uniq-id=\"izuwq\"><\/p>\n<p class=\"brz-tp-lg-paragraph brz-css-sm6OG\" data-generated-css=\"brz-css-afkwx\" data-uniq-id=\"urpkt\"><strong class=\"brz-cp-color2\">2. Uso de cookies.<\/strong><\/p>\n<p class=\"brz-tp-lg-paragraph brz-css-p4L1z\" data-generated-css=\"brz-css-uirrz\" data-uniq-id=\"iaaey\"><\/p>\n<p class=\"brz-tp-lg-paragraph brz-css-sN9CR\" data-generated-css=\"brz-css-gxand\" data-uniq-id=\"dfzph\"><span class=\"brz-cp-color2\">Con el objeto de prestar un mejor servicio, C.NTRA SE\u00d1ORA DE LOURDES puede almacenar en el ordenador del Usuario peque\u00f1os ficheros de informaci\u00f3n denominados cookies, utilizados para el correcto funcionamiento de algunos de los servicios que se ofrecen, as\u00ed como para realizar estad\u00edsticas de uso, diagnosticar problemas en la web, y para la administraci\u00f3n de algunos de los servicios ofrecidos. Para limitar o restringir la admisi\u00f3n de cookies en su equipo, el Usuario puede configurar su navegador a estos efectos. Para m\u00e1s informaci\u00f3n, por favor visite nuestra pol\u00edtica de cookies.<\/span><\/p>\n<p class=\"brz-tp-lg-paragraph brz-css-kBrp4\" data-generated-css=\"brz-css-ltnin\" data-uniq-id=\"waqcj\"><\/p>\n<p class=\"brz-tp-lg-paragraph brz-css-aVilK\" data-generated-css=\"brz-css-ihjhj\" data-uniq-id=\"lpils\"><strong class=\"brz-cp-color2\">3. Responsabilidades.<\/strong><\/p>\n<p class=\"brz-tp-lg-paragraph brz-css-dox0Z\" data-generated-css=\"brz-css-uaxyj\" data-uniq-id=\"znkxj\"><\/p>\n<p class=\"brz-tp-lg-paragraph brz-css-bK3l0\" data-generated-css=\"brz-css-ubqnj\" data-uniq-id=\"eppoq\"><span class=\"brz-cp-color2\">El Usuario responder\u00e1 de los da\u00f1os y perjuicios de toda naturaleza que C.NTRA SE\u00d1ORA DE LOURDES o cualquier tercero pueda sufrir como consecuencia del incumplimiento de cualquiera de las obligaciones a las que queda sometido por las presentes Condiciones Generales.<\/span><\/p>\n<p class=\"brz-tp-lg-paragraph brz-css-xLRA7\" data-generated-css=\"brz-css-rmmay\" data-uniq-id=\"ooqjv\"><\/p>\n<p class=\"brz-tp-lg-paragraph brz-css-omQi5\" data-generated-css=\"brz-css-junfg\" data-uniq-id=\"wfjau\"><span class=\"brz-cp-color2\">C.NTRA SE\u00d1ORA DE LOURDES no asume ninguna responsabilidad ni realiza ning\u00fan control sobre los posibles hiperv\u00ednculos que contenga la web a contenidos externos a la misma; no obstante, retirar\u00e1 aquellos enlaces que incluyan contenidos il\u00edcitos tan pronto como pueda conocerlo.<\/span><\/p>\n<p class=\"brz-tp-lg-paragraph brz-css-jTmnd\" data-generated-css=\"brz-css-nzvek\" data-uniq-id=\"rqors\"><span class=\"brz-cp-color2\"> <\/span><\/p>\n<p class=\"brz-tp-lg-paragraph brz-css-eIMFM\" data-generated-css=\"brz-css-hbean\" data-uniq-id=\"olxgj\"><strong class=\"brz-cp-color2\">4. Propiedad Intelectual e Industrial.<\/strong><\/p>\n<p class=\"brz-tp-lg-paragraph brz-css-oZ8ar\" data-generated-css=\"brz-css-wedwx\" data-uniq-id=\"ujrar\"><span class=\"brz-cp-color2\"> <\/span><\/p>\n<p class=\"brz-tp-lg-paragraph brz-css-agN6j\" data-generated-css=\"brz-css-ngnvg\" data-uniq-id=\"becrz\"><span class=\"brz-cp-color2\">El Usuario reconoce que todos los contenidos de la web y, en concreto, de toda la informaci\u00f3n y materiales, la estructura, selecci\u00f3n, ordenaci\u00f3n y prestaci\u00f3n de sus contenidos, programas y desarrollo de aplicaciones utilizados en relaci\u00f3n con ellos, est\u00e1n protegidos por derechos de propiedad intelectual e industrial propiedad del titular de la web o, en su caso, de terceros.<\/span><\/p>\n<p class=\"brz-tp-lg-paragraph brz-css-roStv\" data-generated-css=\"brz-css-cxssn\" data-uniq-id=\"dqbsa\"><span class=\"brz-cp-color2\"> <\/span><\/p>\n<p class=\"brz-tp-lg-paragraph brz-css-oBmzY\" data-generated-css=\"brz-css-iiniz\" data-uniq-id=\"wkqoj\"><span class=\"brz-cp-color2\">En ning\u00fan caso el acceso a los mismos o su utilizaci\u00f3n por parte del Usuario implicar\u00e1 ning\u00fan tipo de renuncia, transmisi\u00f3n o cesi\u00f3n total ni parcial de dichos derechos, ni confiere ning\u00fan derecho de utilizaci\u00f3n, alteraci\u00f3n, explotaci\u00f3n, reproducci\u00f3n, distribuci\u00f3n o comunicaci\u00f3n p\u00fablica sobre dichos contenidos sin la previa y expresa autorizaci\u00f3n espec\u00edficamente otorgada a tal efecto por parte de C.NTRA SE\u00d1ORA DE LOURDES o del tercero titular de los derechos afectados.<\/span><\/p>\n<p class=\"brz-tp-lg-paragraph brz-css-bxWqK\" data-generated-css=\"brz-css-wdeks\" data-uniq-id=\"utzjy\"><span class=\"brz-cp-color2\"> <\/span><\/p>\n<p class=\"brz-tp-lg-paragraph brz-css-olrwc\" data-generated-css=\"brz-css-dpiby\" data-uniq-id=\"laqti\"><span class=\"brz-cp-color2\">C.NTRA SE\u00d1ORA DE LOURDES es titular de los elementos que integran el dise\u00f1o gr\u00e1fico de su web, los men\u00fas, botones de navegaci\u00f3n, el c\u00f3digo, los textos, im\u00e1genes, texturas, gr\u00e1ficos y cualquier otro contenido de la p\u00e1gina web o, en otros casos, dispone de la correspondiente autorizaci\u00f3n para la utilizaci\u00f3n de dichos<\/span><\/p>\n<p class=\"brz-tp-lg-paragraph brz-css-iP_10\" data-generated-css=\"brz-css-bfjhe\" data-uniq-id=\"wlhqw\"><span class=\"brz-cp-color2\">elementos.<\/span><\/p>\n<p class=\"brz-tp-lg-paragraph brz-css-hOuYQ\" data-generated-css=\"brz-css-ntadm\" data-uniq-id=\"kmpse\"><span class=\"brz-cp-color2\"> <\/span><\/p>\n<p class=\"brz-tp-lg-paragraph brz-css-vpKlp\" data-generated-css=\"brz-css-shtvg\" data-uniq-id=\"oirfh\"><span class=\"brz-cp-color2\">Todas las marcas, nombres comerciales o signos distintivos mostrados en esta p\u00e1gina son propiedad de C.NTRA SE\u00d1ORA DE LOURDES y\/o de terceras empresas. Se proh\u00edbe usarlos o descargarlos permanentemente, copiarlos o distribuirlos por cualquier medio sin el preceptivo consentimiento de su titular.<\/span><\/p>\n<p class=\"brz-tp-lg-paragraph brz-css-zevAR\" data-generated-css=\"brz-css-tbeuz\" data-uniq-id=\"smiev\"><span class=\"brz-cp-color2\"> <\/span><\/p>\n<p class=\"brz-tp-lg-paragraph brz-css-nLdIC\" data-generated-css=\"brz-css-vlxri\" data-uniq-id=\"podog\"><span class=\"brz-cp-color2\">En el caso de que cualquier Usuario o un tercero consideren que cualquiera de los contenidos ha sido introducido en la web con violaci\u00f3n de sus derechos de Propiedad Intelectual o Industrial deber\u00e1 enviar una notificaci\u00f3n a C.NTRA SE\u00d1ORA DE LOURDES identific\u00e1ndose a s\u00ed mismo y al titular de los derechos de propiedad intelectual o industrial supuestamente infringidos, aportando t\u00edtulo o acreditaci\u00f3n de la representaci\u00f3n de los mencionados derechos.<\/span><\/p>\n<p class=\"brz-tp-lg-paragraph brz-css-kBj1P\" data-generated-css=\"brz-css-ewzqw\" data-uniq-id=\"wdkhz\"><span class=\"brz-cp-color2\"> <\/span><\/p>\n<p class=\"brz-tp-lg-paragraph brz-css-bkVtQ\" data-generated-css=\"brz-css-wgqwm\" data-uniq-id=\"ghzir\"><strong class=\"brz-cp-color2\">5. Protecci\u00f3n de datos.<\/strong><\/p>\n<p class=\"brz-tp-lg-paragraph brz-css-yDfVU\" data-generated-css=\"brz-css-stxhx\" data-uniq-id=\"gsiyq\"><span class=\"brz-cp-color2\"> <\/span><\/p>\n<p class=\"brz-tp-lg-paragraph brz-css-aINNx\" data-generated-css=\"brz-css-iqikb\" data-uniq-id=\"nbhyw\"><span class=\"brz-cp-color2\">Para obtener informaci\u00f3n acerca del uso de sus datos, consulte nuestra Pol\u00edtica de Privacidad.<\/span><\/p>\n<p class=\"brz-tp-lg-paragraph brz-css-drcy8\" data-generated-css=\"brz-css-thiim\" data-uniq-id=\"bcalf\"><span class=\"brz-cp-color2\"> <\/span><\/p>\n<p class=\"brz-tp-lg-paragraph brz-css-u7DB2\" data-generated-css=\"brz-css-eadux\" data-uniq-id=\"yltmb\"><strong class=\"brz-cp-color2\">6. Confidencialidad.<\/strong><\/p>\n<p class=\"brz-tp-lg-paragraph brz-css-yTlVi\" data-generated-css=\"brz-css-vazkc\" data-uniq-id=\"imdun\"><span class=\"brz-cp-color2\"> <\/span><\/p>\n<p class=\"brz-tp-lg-paragraph brz-css-r0I_t\" data-generated-css=\"brz-css-pvkun\" data-uniq-id=\"qgeli\"><span class=\"brz-cp-color2\">Toda informaci\u00f3n que cualquiera de las partes comunique o facilite a la otra o a la que tengan acceso cualquiera de ellas, ser\u00e1 considerada confidencial y no podr\u00e1 ser divulgada, mostrada, reproducida, copiada, discutida con terceros, ni empleada por ninguna de las partes para fines ajenos a los que motivaron su comunicaci\u00f3n.<\/span><\/p>\n<p class=\"brz-tp-lg-paragraph brz-css-hZKgb\" data-generated-css=\"brz-css-qwhru\" data-uniq-id=\"xlxob\"><span class=\"brz-cp-color2\"> <\/span><\/p>\n<p class=\"brz-tp-lg-paragraph brz-css-agxUZ\" data-generated-css=\"brz-css-soamh\" data-uniq-id=\"rneat\"><strong class=\"brz-cp-color2\">7. Legislaci\u00f3n aplicable y jurisdicci\u00f3n.<\/strong><\/p>\n<p class=\"brz-tp-lg-paragraph brz-css-ehuIP\" data-generated-css=\"brz-css-innuq\" data-uniq-id=\"kzijs\"><span class=\"brz-cp-color2\"> <\/span><\/p>\n<p class=\"brz-tp-lg-paragraph brz-css-llaas\" data-generated-css=\"brz-css-akvfo\" data-uniq-id=\"tqfvm\"><span class=\"brz-cp-color2\">Las presentes Condiciones Generales se regir\u00e1n por lo dispuesto en la legislaci\u00f3n espa\u00f1ola. Para cuantas cuestiones pudieran suscitarse entre las partes en relaci\u00f3n con la interpretaci\u00f3n y ejecuci\u00f3n del presente documento, ambas partes acuerdan de forma expresa y con renuncia de cualquier otro fuero que pudiera corresponderles, a la jurisdicci\u00f3n de los Juzgados y Tribunales de Valladolid.<\/span><\/p>\n<p class=\"brz-tp-lg-paragraph brz-css-k5eBM\" data-uniq-id=\"cglju\" data-generated-css=\"brz-css-fvptz\"><\/p>\n<\/div>\n<\/div>\n<\/div>\n<\/div>\n<\/div>\n<\/section>\n<\/div>\n<p>    <!-- version:1737040466 --><\/p>\n","protected":false},"excerpt":{"rendered":"<p>Las presentes Condiciones Generales tienen por objeto regular las condiciones de uso del Sitio Web https:\/\/colegiolourdes.es\/ (en adelante, \u201cla web\u201d), cuyo titular es COLEGIO NUESTRA SE\u00d1ORA DE LOURDES, (en adelante, C.NTRA SE\u00d1ORA DE LOURDES), con CIF R4700294D, domicilio en C\/Paulina Harriet, 22, 47006, Valladolid e inscrita en el Registro de entidades religiosas con el n\u00famero&hellip; <a class=\"more-link\" href=\"https:\/\/colegiolourdes.es\/index.php\/aviso-legal\/\">Seguir leyendo <span class=\"screen-reader-text\">Aviso Legal<\/span><\/a><\/p>\n","protected":false},"author":1,"featured_media":0,"parent":0,"menu_order":0,"comment_status":"closed","ping_status":"closed","template":"brizy-blank-template.php","meta":{"footnotes":""},"class_list":["post-26093","page","type-page","status-publish","hentry","entry"],"yoast_head":"<!-- This site is optimized with the Yoast SEO plugin v27.5 - https:\/\/yoast.com\/product\/yoast-seo-wordpress\/ -->\n<title>Aviso Legal - Colegio Lourdes<\/title>\n<meta name=\"robots\" content=\"index, follow, max-snippet:-1, max-image-preview:large, max-video-preview:-1\" \/>\n<link rel=\"canonical\" href=\"https:\/\/colegiolourdes.es\/index.php\/aviso-legal\/\" \/>\n<meta property=\"og:locale\" content=\"es_ES\" \/>\n<meta property=\"og:type\" content=\"article\" \/>\n<meta property=\"og:title\" content=\"Aviso Legal - Colegio Lourdes\" \/>\n<meta property=\"og:description\" content=\"Las presentes Condiciones Generales tienen por objeto regular las condiciones de uso del Sitio Web https:\/\/colegiolourdes.es\/ (en adelante, \u201cla web\u201d), cuyo titular es COLEGIO NUESTRA SE\u00d1ORA DE LOURDES, (en adelante, C.NTRA SE\u00d1ORA DE LOURDES), con CIF R4700294D, domicilio en C\/Paulina Harriet, 22, 47006, Valladolid e inscrita en el Registro de entidades religiosas con el n\u00famero&hellip; Seguir leyendo Aviso Legal\" \/>\n<meta property=\"og:url\" content=\"https:\/\/colegiolourdes.es\/index.php\/aviso-legal\/\" \/>\n<meta property=\"og:site_name\" content=\"Colegio Lourdes\" \/>\n<meta property=\"article:publisher\" content=\"https:\/\/www.facebook.com\/colegiolourdesva\" \/>\n<meta property=\"article:modified_time\" content=\"2025-05-05T09:49:00+00:00\" \/>\n<meta name=\"twitter:card\" content=\"summary_large_image\" \/>\n<meta name=\"twitter:site\" content=\"@ColeLourdesVa\" \/>\n<script type=\"application\/ld+json\" class=\"yoast-schema-graph\">{\"@context\":\"https:\\\/\\\/schema.org\",\"@graph\":[{\"@type\":\"WebPage\",\"@id\":\"https:\\\/\\\/colegiolourdes.es\\\/index.php\\\/aviso-legal\\\/\",\"url\":\"https:\\\/\\\/colegiolourdes.es\\\/index.php\\\/aviso-legal\\\/\",\"name\":\"Aviso Legal - Colegio Lourdes\",\"isPartOf\":{\"@id\":\"https:\\\/\\\/colegiolourdes.es\\\/#website\"},\"datePublished\":\"2022-01-20T05:12:35+00:00\",\"dateModified\":\"2025-05-05T09:49:00+00:00\",\"inLanguage\":\"es\",\"potentialAction\":[{\"@type\":\"ReadAction\",\"target\":[\"https:\\\/\\\/colegiolourdes.es\\\/index.php\\\/aviso-legal\\\/\"]}]},{\"@type\":\"WebSite\",\"@id\":\"https:\\\/\\\/colegiolourdes.es\\\/#website\",\"url\":\"https:\\\/\\\/colegiolourdes.es\\\/\",\"name\":\"Colegio Lourdes\",\"description\":\"Web del Colegio Nuestra Se\u00f1ora de Lourdes de Valladolid.\",\"publisher\":{\"@id\":\"https:\\\/\\\/colegiolourdes.es\\\/#organization\"},\"alternateName\":\"Colegio Nuestra Se\u00f1ora de Lourdes\",\"potentialAction\":[{\"@type\":\"SearchAction\",\"target\":{\"@type\":\"EntryPoint\",\"urlTemplate\":\"https:\\\/\\\/colegiolourdes.es\\\/?s={search_term_string}\"},\"query-input\":{\"@type\":\"PropertyValueSpecification\",\"valueRequired\":true,\"valueName\":\"search_term_string\"}}],\"inLanguage\":\"es\"},{\"@type\":\"Organization\",\"@id\":\"https:\\\/\\\/colegiolourdes.es\\\/#organization\",\"name\":\"Colegio Nuestra Se\u00f1ora de Lourdes\",\"alternateName\":\"Colegio Lourdes Valladolid\",\"url\":\"https:\\\/\\\/colegiolourdes.es\\\/\",\"logo\":{\"@type\":\"ImageObject\",\"inLanguage\":\"es\",\"@id\":\"https:\\\/\\\/colegiolourdes.es\\\/#\\\/schema\\\/logo\\\/image\\\/\",\"url\":\"https:\\\/\\\/colegiolourdes.es\\\/wp-content\\\/uploads\\\/2021\\\/11\\\/cropped-Escudo.png\",\"contentUrl\":\"https:\\\/\\\/colegiolourdes.es\\\/wp-content\\\/uploads\\\/2021\\\/11\\\/cropped-Escudo.png\",\"width\":85,\"height\":105,\"caption\":\"Colegio Nuestra Se\u00f1ora de Lourdes\"},\"image\":{\"@id\":\"https:\\\/\\\/colegiolourdes.es\\\/#\\\/schema\\\/logo\\\/image\\\/\"},\"sameAs\":[\"https:\\\/\\\/www.facebook.com\\\/colegiolourdesva\",\"https:\\\/\\\/x.com\\\/ColeLourdesVa\",\"https:\\\/\\\/www.instagram.com\\\/colegio_lourdes_valladolid\\\/\"]}]}<\/script>\n<!-- \/ Yoast SEO plugin. -->","yoast_head_json":{"title":"Aviso Legal - Colegio Lourdes","robots":{"index":"index","follow":"follow","max-snippet":"max-snippet:-1","max-image-preview":"max-image-preview:large","max-video-preview":"max-video-preview:-1"},"canonical":"https:\/\/colegiolourdes.es\/index.php\/aviso-legal\/","og_locale":"es_ES","og_type":"article","og_title":"Aviso Legal - Colegio Lourdes","og_description":"Las presentes Condiciones Generales tienen por objeto regular las condiciones de uso del Sitio Web https:\/\/colegiolourdes.es\/ (en adelante, \u201cla web\u201d), cuyo titular es COLEGIO NUESTRA SE\u00d1ORA DE LOURDES, (en adelante, C.NTRA SE\u00d1ORA DE LOURDES), con CIF R4700294D, domicilio en C\/Paulina Harriet, 22, 47006, Valladolid e inscrita en el Registro de entidades religiosas con el n\u00famero&hellip; Seguir leyendo Aviso Legal","og_url":"https:\/\/colegiolourdes.es\/index.php\/aviso-legal\/","og_site_name":"Colegio Lourdes","article_publisher":"https:\/\/www.facebook.com\/colegiolourdesva","article_modified_time":"2025-05-05T09:49:00+00:00","twitter_card":"summary_large_image","twitter_site":"@ColeLourdesVa","schema":{"@context":"https:\/\/schema.org","@graph":[{"@type":"WebPage","@id":"https:\/\/colegiolourdes.es\/index.php\/aviso-legal\/","url":"https:\/\/colegiolourdes.es\/index.php\/aviso-legal\/","name":"Aviso Legal - Colegio Lourdes","isPartOf":{"@id":"https:\/\/colegiolourdes.es\/#website"},"datePublished":"2022-01-20T05:12:35+00:00","dateModified":"2025-05-05T09:49:00+00:00","inLanguage":"es","potentialAction":[{"@type":"ReadAction","target":["https:\/\/colegiolourdes.es\/index.php\/aviso-legal\/"]}]},{"@type":"WebSite","@id":"https:\/\/colegiolourdes.es\/#website","url":"https:\/\/colegiolourdes.es\/","name":"Colegio Lourdes","description":"Web del Colegio Nuestra Se\u00f1ora de Lourdes de Valladolid.","publisher":{"@id":"https:\/\/colegiolourdes.es\/#organization"},"alternateName":"Colegio Nuestra Se\u00f1ora de Lourdes","potentialAction":[{"@type":"SearchAction","target":{"@type":"EntryPoint","urlTemplate":"https:\/\/colegiolourdes.es\/?s={search_term_string}"},"query-input":{"@type":"PropertyValueSpecification","valueRequired":true,"valueName":"search_term_string"}}],"inLanguage":"es"},{"@type":"Organization","@id":"https:\/\/colegiolourdes.es\/#organization","name":"Colegio Nuestra Se\u00f1ora de Lourdes","alternateName":"Colegio Lourdes Valladolid","url":"https:\/\/colegiolourdes.es\/","logo":{"@type":"ImageObject","inLanguage":"es","@id":"https:\/\/colegiolourdes.es\/#\/schema\/logo\/image\/","url":"https:\/\/colegiolourdes.es\/wp-content\/uploads\/2021\/11\/cropped-Escudo.png","contentUrl":"https:\/\/colegiolourdes.es\/wp-content\/uploads\/2021\/11\/cropped-Escudo.png","width":85,"height":105,"caption":"Colegio Nuestra Se\u00f1ora de Lourdes"},"image":{"@id":"https:\/\/colegiolourdes.es\/#\/schema\/logo\/image\/"},"sameAs":["https:\/\/www.facebook.com\/colegiolourdesva","https:\/\/x.com\/ColeLourdesVa","https:\/\/www.instagram.com\/colegio_lourdes_valladolid\/"]}]}},"_links":{"self":[{"href":"https:\/\/colegiolourdes.es\/index.php\/wp-json\/wp\/v2\/pages\/26093","targetHints":{"allow":["GET"]}}],"collection":[{"href":"https:\/\/colegiolourdes.es\/index.php\/wp-json\/wp\/v2\/pages"}],"about":[{"href":"https:\/\/colegiolourdes.es\/index.php\/wp-json\/wp\/v2\/types\/page"}],"author":[{"embeddable":true,"href":"https:\/\/colegiolourdes.es\/index.php\/wp-json\/wp\/v2\/users\/1"}],"replies":[{"embeddable":true,"href":"https:\/\/colegiolourdes.es\/index.php\/wp-json\/wp\/v2\/comments?post=26093"}],"version-history":[{"count":9,"href":"https:\/\/colegiolourdes.es\/index.php\/wp-json\/wp\/v2\/pages\/26093\/revisions"}],"predecessor-version":[{"id":26445,"href":"https:\/\/colegiolourdes.es\/index.php\/wp-json\/wp\/v2\/pages\/26093\/revisions\/26445"}],"wp:attachment":[{"href":"https:\/\/colegiolourdes.es\/index.php\/wp-json\/wp\/v2\/media?parent=26093"}],"curies":[{"name":"wp","href":"https:\/\/api.w.org\/{rel}","templated":true}]}}