{"id":3338,"date":"2021-03-18T15:37:18","date_gmt":"2021-03-18T15:37:18","guid":{"rendered":"http:\/\/colegiolourdes.es\/?page_id=3338"},"modified":"2025-05-05T11:46:00","modified_gmt":"2025-05-05T09:46:00","slug":"visitanos","status":"publish","type":"page","link":"https:\/\/colegiolourdes.es\/index.php\/visitanos\/","title":{"rendered":"Vis\u00edtanos"},"content":{"rendered":"<div class=\"brz-root__container brz-reset-all brz brz-root__container-page\">\n<section id=\"_nefefuczucgbpoqhvbomegfabpqtkqjrgzvq\" class=\"brz-section brz-css-loofml\">\n<div class=\"brz-section__content brz-section--boxed brz-css-qob2tc brz-css-5n0l7i\" data-brz-custom-id=\"vxjjkougmaibifsbojfbjekjcmdxhgyigtfr\">\n<div class=\"brz-container brz-css-dv1i54\">\n<div id=\"\" class=\"brz-css-1sd1005 brz-css-nt9gw7 brz-wrapper\">\n<div class=\"brz-rich-text brz-rich-text__custom brz-css-1c3krp8\" data-brz-custom-id=\"onzmqjksciijvravyyczmhlgnacvoxtiaqwn\">\n<div data-brz-translate-text=\"1\">\n<p class=\"brz-fs-lg-80 brz-ft-google brz-ff-overpass brz-tp-lg-empty brz-lh-lg-1_3 brz-ls-lg-m_1_5 brz-fw-lg-700 brz-fss-lg-px brz-text-lg-right brz-fw-xs-700 brz-fw-sm-700 brz-ls-xs-m_1 brz-ls-sm-m_1 brz-fs-sm-112 brz-lh-xs-1_3 brz-lh-sm-1_2 brz-fs-xs-60 brz-css-d7BVe\" data-generated-css=\"brz-css-kpnng\" data-uniq-id=\"rrvfk\"><span class=\"brz-cp-color1\">Visita virtual<\/span><\/p>\n<\/div>\n<\/div>\n<\/div>\n<div class=\"brz-row__container brz-css-1rsewgn\" data-brz-custom-id=\"egnrlwilrlbmpqnddumrazymlbabtsdahddd\">\n<div class=\"brz-bg\"><\/div>\n<div class=\"brz-row brz-css-7lo56v brz-css-73d8ry\">\n<div class=\"brz-columns brz-css-4x6iqq brz-css-unt2uc\" data-brz-custom-id=\"wvuqraxxntorcmvphcytyqnbsxyxyvmlfvil\">\n<div class=\"brz-bg\">\n<div class=\"brz-bg-color\"><\/div>\n<\/div>\n<div class=\"brz-column__items brz-css-1koofc0 brz-css-180gw71\">\n<div id=\"\" class=\"brz-css-1sd1005 brz-css-1e95llv brz-wrapper\">\n<div class=\"brz-rich-text brz-rich-text__custom brz-css-1c3krp8\" data-brz-custom-id=\"lvdvovxttywntvnspizvkxjdhfyupwnfpxca\">\n<div data-brz-translate-text=\"1\">\n<p class=\"brz-fs-sm-im-20 brz-fs-lg-20 brz-fw-xs-im-400 brz-fw-sm-im-400 brz-fw-lg-400 brz-ft-upload brz-ff-eeouoedigzcdltpavajhdsubdzsrcvcydeon brz-mb-lg-0 brz-ls-xs-0_5 brz-fs-xs-16 brz-text-xs-center brz-lh-lg-1_5 brz-lh-sm-im-1_4 brz-lh-xs-im-1_4 brz-ls-lg-m_0_5 brz-ls-sm-im-m_0_5 brz-text-lg-center brz-css-h9Q4Z\"><span>Te ense\u00f1amos nuestro Colegio online. Vis\u00edtanos cuando quieras desde cualquier lugar. Y si lo que quieres es visitarnos presencialmente cumpliendo con toda la normativa anti-COVID, ll\u00e1manos al <\/span><a class=\"link--external brz-cp-color1\" href=\"tel:983334822\" data-brz-link-type=\"external\">983 334 822<\/a><span>. <\/span><\/p>\n<\/div>\n<\/div>\n<\/div>\n<\/div>\n<\/div>\n<\/div>\n<\/div>\n<div id=\"\" class=\"brz-css-1sd1005 brz-css-agn3bd brz-css-adi635 brz-wrapper\">\n<div class=\"brz-spacer brz-css-1c7ojg5\"><\/div>\n<\/div>\n<\/div>\n<\/div>\n<\/section>\n<section id=\"_grvnyibfopovzwzaxprssjqttymscscbajlw\" class=\"brz-section brz-css-loofml\">\n<div class=\"brz-section__content brz-section--boxed brz-css-qob2tc brz-css-8p2f61\" data-brz-custom-id=\"lroafqqhitembekxxlvgbuqqefvjaizekndt\">\n<div class=\"brz-container brz-css-dv1i54\">\n<div id=\"\" class=\"brz-css-1sd1005 brz-wrapper\">\n<div class=\"brz-rich-text brz-rich-text__custom brz-css-1c3krp8\" data-brz-custom-id=\"cjwcathqyzdnszzpyeiwhqzaaerrxgnrrkuk\">\n<div data-brz-translate-text=\"1\">\n<p class=\"brz-text-lg-center brz-lh-lg-1_5 brz-lh-sm-im-1_5 brz-lh-xs-im-1_5 brz-ls-lg-0 brz-ls-sm-im-0 brz-ls-xs-im-0 brz-ff-wzboxjsqgqhchaabqhhwkjnsysfnjiaknuki brz-ft-upload brz-fw-lg-400 brz-fw-sm-im-700 brz-fw-xs-im-700 brz-fs-lg-20 brz-fs-sm-im-20 brz-fs-xs-im-20 brz-css-nbyNc\"><strong class=\"brz-cp-color1\">Pincha en cada zona para navegar virtualmente por ella. <\/strong><\/p>\n<\/div>\n<\/div>\n<\/div>\n<div id=\"\" class=\"brz-css-1sd1005 brz-wrapper\">\n<div class=\"brz-accordion brz-css-1g8jufh brz-css-1d61z5t\" data-brz-duration=\"500\" data-brz-custom-id=\"yfmbvmhksdekcsjpeeewmwdibrxyglbgmmtb\">\n<div class=\"brz-accordion__item\">\n<div class=\"brz-accordion__nav\" data-brz-collapsible=\"on\"><span data-brz-translate-text=\"1\" class=\"brz-accordion__nav-title brz-span brz-text__editor\">Teatro<\/span><\/div>\n<div class=\"brz-accordion__content brz-d-xs-flex brz-flex-xs-column\">\n<div class=\"brz-accordion__item-content brz-d-xs-flex brz-flex-xs-column\">\n<div id=\"\" class=\"brz-css-1sd1005 brz-wrapper\">\n<div class=\"brz-embed-code brz-css-1igm43y\" data-brz-custom-id=\"fbnrehkgcqxufevpghxjiomwhnuxjtzoiakv\">\n<div class=\"brz-embed-content\">\n<div><\/div>\n<\/div>\n<\/div>\n<\/div>\n<\/div>\n<\/div>\n<\/div>\n<div class=\"brz-accordion__item\">\n<div class=\"brz-accordion__nav\" data-brz-collapsible=\"on\"><span data-brz-translate-text=\"1\" class=\"brz-accordion__nav-title brz-span brz-text__editor\">Polideportivo<\/span><\/div>\n<div class=\"brz-accordion__content brz-d-xs-flex brz-flex-xs-column\">\n<div class=\"brz-accordion__item-content brz-d-xs-flex brz-flex-xs-column\">\n<div id=\"\" class=\"brz-css-1sd1005 brz-wrapper\">\n<div class=\"brz-embed-code brz-css-1igm43y\" data-brz-custom-id=\"xycpqamiiukatkkzjymywdmgihvpxqxdnatx\">\n<div class=\"brz-embed-content\">\n<div><\/div>\n<\/div>\n<\/div>\n<\/div>\n<\/div>\n<\/div>\n<\/div>\n<div class=\"brz-accordion__item\">\n<div class=\"brz-accordion__nav\" data-brz-collapsible=\"on\"><span data-brz-translate-text=\"1\" class=\"brz-accordion__nav-title brz-span brz-text__editor\">Administraci\u00f3n<\/span><\/div>\n<div class=\"brz-accordion__content brz-d-xs-flex brz-flex-xs-column\">\n<div class=\"brz-accordion__item-content brz-d-xs-flex brz-flex-xs-column\">\n<div id=\"\" class=\"brz-css-1sd1005 brz-wrapper\">\n<div class=\"brz-embed-code brz-css-1igm43y\" data-brz-custom-id=\"qpgwqjieofmshpsixlkvxjnrhdupznlmzjtz\">\n<div class=\"brz-embed-content\">\n<div><\/div>\n<\/div>\n<\/div>\n<\/div>\n<\/div>\n<\/div>\n<\/div>\n<div class=\"brz-accordion__item\">\n<div class=\"brz-accordion__nav\" data-brz-collapsible=\"on\"><span data-brz-translate-text=\"1\" class=\"brz-accordion__nav-title brz-span brz-text__editor\">Infantil<\/span><\/div>\n<div class=\"brz-accordion__content brz-d-xs-flex brz-flex-xs-column\">\n<div class=\"brz-accordion__item-content brz-d-xs-flex brz-flex-xs-column\">\n<div id=\"\" class=\"brz-css-1sd1005 brz-wrapper\">\n<div class=\"brz-embed-code brz-css-1igm43y\" data-brz-custom-id=\"zmpxudveygojqfnbggdqlqlhrasdipexozjz\">\n<div class=\"brz-embed-content\">\n<div><\/div>\n<\/div>\n<\/div>\n<\/div>\n<\/div>\n<\/div>\n<\/div>\n<div class=\"brz-accordion__item\">\n<div class=\"brz-accordion__nav\" data-brz-collapsible=\"on\"><span data-brz-translate-text=\"1\" class=\"brz-accordion__nav-title brz-span brz-text__editor\">Biblioteca<\/span><\/div>\n<div class=\"brz-accordion__content brz-d-xs-flex brz-flex-xs-column\">\n<div class=\"brz-accordion__item-content brz-d-xs-flex brz-flex-xs-column\">\n<div id=\"\" class=\"brz-css-1sd1005 brz-wrapper\">\n<div class=\"brz-embed-code brz-css-1igm43y\" data-brz-custom-id=\"tteeveudyoyuunleoojiuqkggrhgdgocflpo\">\n<div class=\"brz-embed-content\">\n<div><\/div>\n<\/div>\n<\/div>\n<\/div>\n<\/div>\n<\/div>\n<\/div>\n<div class=\"brz-accordion__item\">\n<div class=\"brz-accordion__nav\" data-brz-collapsible=\"on\"><span data-brz-translate-text=\"1\" class=\"brz-accordion__nav-title brz-span brz-text__editor\">Patio 2<\/span><\/div>\n<div class=\"brz-accordion__content brz-d-xs-flex brz-flex-xs-column\">\n<div class=\"brz-accordion__item-content brz-d-xs-flex brz-flex-xs-column\">\n<div id=\"\" class=\"brz-css-1sd1005 brz-wrapper\">\n<div class=\"brz-embed-code brz-css-1igm43y\" data-brz-custom-id=\"pwwyaklpdvhkysmdiclsnlavwjpsmzdkvcwm\">\n<div class=\"brz-embed-content\">\n<div><\/div>\n<\/div>\n<\/div>\n<\/div>\n<\/div>\n<\/div>\n<\/div>\n<div class=\"brz-accordion__item\">\n<div class=\"brz-accordion__nav\" data-brz-collapsible=\"on\"><span data-brz-translate-text=\"1\" class=\"brz-accordion__nav-title brz-span brz-text__editor\">Judo<\/span><\/div>\n<div class=\"brz-accordion__content brz-d-xs-flex brz-flex-xs-column\">\n<div class=\"brz-accordion__item-content brz-d-xs-flex brz-flex-xs-column\">\n<div id=\"\" class=\"brz-css-1sd1005 brz-wrapper\">\n<div class=\"brz-embed-code brz-css-1igm43y\" data-brz-custom-id=\"hppzejrhnntutcnspvmmwzwpghtmqpnqsblc\">\n<div class=\"brz-embed-content\">\n<div><\/div>\n<\/div>\n<\/div>\n<\/div>\n<\/div>\n<\/div>\n<\/div>\n<div class=\"brz-accordion__item brz-accordion__item--active\">\n<div class=\"brz-accordion__nav\" data-brz-collapsible=\"on\"><span data-brz-translate-text=\"1\" class=\"brz-accordion__nav-title brz-span brz-text__editor\">Iglesia<\/span><\/div>\n<div class=\"brz-accordion__content brz-d-xs-flex brz-flex-xs-column\">\n<div class=\"brz-accordion__item-content brz-d-xs-flex brz-flex-xs-column\">\n<div id=\"\" class=\"brz-css-1sd1005 brz-wrapper\">\n<div class=\"brz-embed-code brz-css-1igm43y\" data-brz-custom-id=\"ojepxbnfonuuhsouowjlcfybhsyvlljwaztm\">\n<div class=\"brz-embed-content\">\n<div><\/div>\n<\/div>\n<\/div>\n<\/div>\n<\/div>\n<\/div>\n<\/div>\n<div class=\"brz-accordion__item\">\n<div class=\"brz-accordion__nav\" data-brz-collapsible=\"on\"><span data-brz-translate-text=\"1\" class=\"brz-accordion__nav-title brz-span brz-text__editor\">Comedor<\/span><\/div>\n<div class=\"brz-accordion__content brz-d-xs-flex brz-flex-xs-column\">\n<div class=\"brz-accordion__item-content brz-d-xs-flex brz-flex-xs-column\">\n<div id=\"\" class=\"brz-css-1sd1005 brz-wrapper\">\n<div class=\"brz-embed-code brz-css-1igm43y\" data-brz-custom-id=\"lrluelujowhqovoydhmsnpjpmtlxwdkefjua\">\n<div class=\"brz-embed-content\">\n<div><\/div>\n<\/div>\n<\/div>\n<\/div>\n<\/div>\n<\/div>\n<\/div>\n<div class=\"brz-accordion__item\">\n<div class=\"brz-accordion__nav\" data-brz-collapsible=\"on\"><span data-brz-translate-text=\"1\" class=\"brz-accordion__nav-title brz-span brz-text__editor\">Patio<\/span><\/div>\n<div class=\"brz-accordion__content brz-d-xs-flex brz-flex-xs-column\">\n<div class=\"brz-accordion__item-content brz-d-xs-flex brz-flex-xs-column\">\n<div id=\"\" class=\"brz-css-1sd1005 brz-wrapper\">\n<div class=\"brz-embed-code brz-css-1igm43y\" data-brz-custom-id=\"olvlkiqqnuwqolgdqfbbjkoktsstrzpdceug\">\n<div class=\"brz-embed-content\">\n<div><\/div>\n<\/div>\n<\/div>\n<\/div>\n<\/div>\n<\/div>\n<\/div>\n<div class=\"brz-accordion__item\">\n<div class=\"brz-accordion__nav\" data-brz-collapsible=\"on\"><span data-brz-translate-text=\"1\" class=\"brz-accordion__nav-title brz-span brz-text__editor\">Imagen Ntra. Sra. de Lourdes<\/span><\/div>\n<div class=\"brz-accordion__content brz-d-xs-flex brz-flex-xs-column\">\n<div class=\"brz-accordion__item-content brz-d-xs-flex brz-flex-xs-column\">\n<div id=\"\" class=\"brz-css-1sd1005 brz-wrapper\">\n<div class=\"brz-embed-code brz-css-1igm43y\" data-brz-custom-id=\"vwxxhsqeunkagpzcgfrsytcltgpdxqknmemn\">\n<div class=\"brz-embed-content\">\n<div><\/div>\n<\/div>\n<\/div>\n<\/div>\n<\/div>\n<\/div>\n<\/div>\n<div class=\"brz-accordion__item\">\n<div class=\"brz-accordion__nav\" data-brz-collapsible=\"on\"><span data-brz-translate-text=\"1\" class=\"brz-accordion__nav-title brz-span brz-text__editor\">Sala Multiusos<\/span><\/div>\n<div class=\"brz-accordion__content brz-d-xs-flex brz-flex-xs-column\">\n<div class=\"brz-accordion__item-content brz-d-xs-flex brz-flex-xs-column\">\n<div id=\"\" class=\"brz-css-1sd1005 brz-wrapper\">\n<div class=\"brz-embed-code brz-css-1igm43y\" data-brz-custom-id=\"qeddntbyplewvwjvcibjncdosshfggryzynt\">\n<div class=\"brz-embed-content\">\n<div><\/div>\n<\/div>\n<\/div>\n<\/div>\n<\/div>\n<\/div>\n<\/div>\n<div class=\"brz-accordion__item\">\n<div class=\"brz-accordion__nav\" data-brz-collapsible=\"on\"><span data-brz-translate-text=\"1\" class=\"brz-accordion__nav-title brz-span brz-text__editor\">M\u00fasica<\/span><\/div>\n<div class=\"brz-accordion__content brz-d-xs-flex brz-flex-xs-column\">\n<div class=\"brz-accordion__item-content brz-d-xs-flex brz-flex-xs-column\">\n<div id=\"\" class=\"brz-css-1sd1005 brz-wrapper\">\n<div class=\"brz-embed-code brz-css-1igm43y\" data-brz-custom-id=\"dyrrypqppdisvrhhfcssxuypzfsfoytfatea\">\n<div class=\"brz-embed-content\">\n<div><\/div>\n<\/div>\n<\/div>\n<\/div>\n<\/div>\n<\/div>\n<\/div>\n<div class=\"brz-accordion__item\">\n<div class=\"brz-accordion__nav\" data-brz-collapsible=\"on\"><span data-brz-translate-text=\"1\" class=\"brz-accordion__nav-title brz-span brz-text__editor\">Gimnasio<\/span><\/div>\n<div class=\"brz-accordion__content brz-d-xs-flex brz-flex-xs-column\">\n<div class=\"brz-accordion__item-content brz-d-xs-flex brz-flex-xs-column\">\n<div id=\"\" class=\"brz-css-1sd1005 brz-wrapper\">\n<div class=\"brz-embed-code brz-css-1igm43y\" data-brz-custom-id=\"ifppzcwlmirrqnpbmbmwkvwwsdytjkvrqgfc\">\n<div class=\"brz-embed-content\">\n<div><\/div>\n<\/div>\n<\/div>\n<\/div>\n<\/div>\n<\/div>\n<\/div>\n<div class=\"brz-accordion__item\">\n<div class=\"brz-accordion__nav\" data-brz-collapsible=\"on\"><span data-brz-translate-text=\"1\" class=\"brz-accordion__nav-title brz-span brz-text__editor\">ESO<\/span><\/div>\n<div class=\"brz-accordion__content brz-d-xs-flex brz-flex-xs-column\">\n<div class=\"brz-accordion__item-content brz-d-xs-flex brz-flex-xs-column\">\n<div id=\"\" class=\"brz-css-1sd1005 brz-wrapper\">\n<div class=\"brz-embed-code brz-css-1igm43y\" data-brz-custom-id=\"wslcqbvlymdjxfdvspxvlvxkbebpuepuucsk\">\n<div class=\"brz-embed-content\">\n<div><\/div>\n<\/div>\n<\/div>\n<\/div>\n<\/div>\n<\/div>\n<\/div>\n<div class=\"brz-accordion__item\">\n<div class=\"brz-accordion__nav\" data-brz-collapsible=\"on\"><span data-brz-translate-text=\"1\" class=\"brz-accordion__nav-title brz-span brz-text__editor\">Laboratorio<\/span><\/div>\n<div class=\"brz-accordion__content brz-d-xs-flex brz-flex-xs-column\">\n<div class=\"brz-accordion__item-content brz-d-xs-flex brz-flex-xs-column\">\n<div id=\"\" class=\"brz-css-1sd1005 brz-wrapper\">\n<div class=\"brz-embed-code brz-css-1igm43y\" data-brz-custom-id=\"lpthtouhkrmwkuufoxvpaowmluqsrnzosqeu\">\n<div class=\"brz-embed-content\">\n<div><\/div>\n<\/div>\n<\/div>\n<\/div>\n<\/div>\n<\/div>\n<\/div>\n<div class=\"brz-accordion__item\">\n<div class=\"brz-accordion__nav\" data-brz-collapsible=\"on\"><span data-brz-translate-text=\"1\" class=\"brz-accordion__nav-title brz-span brz-text__editor\">Laboratorios<\/span><\/div>\n<div class=\"brz-accordion__content brz-d-xs-flex brz-flex-xs-column\">\n<div class=\"brz-accordion__item-content brz-d-xs-flex brz-flex-xs-column\">\n<div id=\"\" class=\"brz-css-1sd1005 brz-wrapper\">\n<div class=\"brz-embed-code brz-css-1igm43y\" data-brz-custom-id=\"hmhlqbtnkobmpotczbdidcxncaawrdfnvpwy\">\n<div class=\"brz-embed-content\">\n<div><\/div>\n<\/div>\n<\/div>\n<\/div>\n<\/div>\n<\/div>\n<\/div>\n<div class=\"brz-accordion__item\">\n<div class=\"brz-accordion__nav\" data-brz-collapsible=\"on\"><span data-brz-translate-text=\"1\" class=\"brz-accordion__nav-title brz-span brz-text__editor\">Capilla de Ema\u00fas<\/span><\/div>\n<div class=\"brz-accordion__content brz-d-xs-flex brz-flex-xs-column\">\n<div class=\"brz-accordion__item-content brz-d-xs-flex brz-flex-xs-column\">\n<div id=\"\" class=\"brz-css-1sd1005 brz-wrapper\">\n<div class=\"brz-embed-code brz-css-1igm43y\" data-brz-custom-id=\"mihzjhpstfkuoktsxdztlhzdjywtrkgtbtxo\">\n<div class=\"brz-embed-content\">\n<div><\/div>\n<\/div>\n<\/div>\n<\/div>\n<\/div>\n<\/div>\n<\/div>\n<div class=\"brz-accordion__item\">\n<div class=\"brz-accordion__nav\" data-brz-collapsible=\"on\"><span data-brz-translate-text=\"1\" class=\"brz-accordion__nav-title brz-span brz-text__editor\">Sala de Inform\u00e1tica<\/span><\/div>\n<div class=\"brz-accordion__content brz-d-xs-flex brz-flex-xs-column\">\n<div class=\"brz-accordion__item-content brz-d-xs-flex brz-flex-xs-column\">\n<div id=\"\" class=\"brz-css-1sd1005 brz-wrapper\">\n<div class=\"brz-embed-code brz-css-1igm43y\" data-brz-custom-id=\"ufqdrwfowwefaqianzzntmkbtaphintfckfk\">\n<div class=\"brz-embed-content\">\n<div><\/div>\n<\/div>\n<\/div>\n<\/div>\n<\/div>\n<\/div>\n<\/div>\n<div class=\"brz-accordion__item\">\n<div class=\"brz-accordion__nav\" data-brz-collapsible=\"on\"><span data-brz-translate-text=\"1\" class=\"brz-accordion__nav-title brz-span brz-text__editor\">Primaria<\/span><\/div>\n<div class=\"brz-accordion__content brz-d-xs-flex brz-flex-xs-column\">\n<div class=\"brz-accordion__item-content brz-d-xs-flex brz-flex-xs-column\">\n<div id=\"\" class=\"brz-css-1sd1005 brz-wrapper\">\n<div class=\"brz-embed-code brz-css-1igm43y\" data-brz-custom-id=\"hqppqnylnndsrdvjszsgurcunmsgzydtglvl\">\n<div class=\"brz-embed-content\">\n<div><\/div>\n<\/div>\n<\/div>\n<\/div>\n<\/div>\n<\/div>\n<\/div>\n<\/div>\n<\/div>\n<\/div>\n<\/div>\n<\/section>\n<\/div>\n<p>    <!-- version:1737013343 --><\/p>\n","protected":false},"excerpt":{"rendered":"<p>Visita virtual Te ense\u00f1amos nuestro Colegio online. Vis\u00edtanos cuando quieras desde cualquier lugar. Y si lo que quieres es visitarnos presencialmente cumpliendo con toda la normativa anti-COVID, ll\u00e1manos al 983 334 822. Pincha en cada zona para navegar virtualmente por ella. Teatro Polideportivo Administraci\u00f3n Infantil Biblioteca Patio 2 Judo Iglesia Comedor Patio Imagen Ntra. Sra.&hellip; <a class=\"more-link\" href=\"https:\/\/colegiolourdes.es\/index.php\/visitanos\/\">Seguir leyendo <span class=\"screen-reader-text\">Vis\u00edtanos<\/span><\/a><\/p>\n","protected":false},"author":1,"featured_media":0,"parent":0,"menu_order":0,"comment_status":"closed","ping_status":"closed","template":"brizy-blank-template.php","meta":{"footnotes":""},"class_list":["post-3338","page","type-page","status-publish","hentry","entry"],"yoast_head":"<!-- This site is optimized with the Yoast SEO plugin v27.5 - https:\/\/yoast.com\/product\/yoast-seo-wordpress\/ -->\n<title>Vis\u00edtanos - Colegio Lourdes<\/title>\n<meta name=\"robots\" content=\"index, follow, max-snippet:-1, max-image-preview:large, max-video-preview:-1\" \/>\n<link rel=\"canonical\" href=\"https:\/\/colegiolourdes.es\/index.php\/visitanos\/\" \/>\n<meta property=\"og:locale\" content=\"es_ES\" \/>\n<meta property=\"og:type\" content=\"article\" \/>\n<meta property=\"og:title\" content=\"Vis\u00edtanos - Colegio Lourdes\" \/>\n<meta property=\"og:description\" content=\"Visita virtual Te ense\u00f1amos nuestro Colegio online. Vis\u00edtanos cuando quieras desde cualquier lugar. Y si lo que quieres es visitarnos presencialmente cumpliendo con toda la normativa anti-COVID, ll\u00e1manos al 983 334 822. Pincha en cada zona para navegar virtualmente por ella. Teatro Polideportivo Administraci\u00f3n Infantil Biblioteca Patio 2 Judo Iglesia Comedor Patio Imagen Ntra. Sra.&hellip; Seguir leyendo Vis\u00edtanos\" \/>\n<meta property=\"og:url\" content=\"https:\/\/colegiolourdes.es\/index.php\/visitanos\/\" \/>\n<meta property=\"og:site_name\" content=\"Colegio Lourdes\" \/>\n<meta property=\"article:publisher\" content=\"https:\/\/www.facebook.com\/colegiolourdesva\" \/>\n<meta property=\"article:modified_time\" content=\"2025-05-05T09:46:00+00:00\" \/>\n<meta name=\"twitter:card\" content=\"summary_large_image\" \/>\n<meta name=\"twitter:site\" content=\"@ColeLourdesVa\" \/>\n<script type=\"application\/ld+json\" class=\"yoast-schema-graph\">{\"@context\":\"https:\\\/\\\/schema.org\",\"@graph\":[{\"@type\":\"WebPage\",\"@id\":\"https:\\\/\\\/colegiolourdes.es\\\/index.php\\\/visitanos\\\/\",\"url\":\"https:\\\/\\\/colegiolourdes.es\\\/index.php\\\/visitanos\\\/\",\"name\":\"Vis\u00edtanos - Colegio Lourdes\",\"isPartOf\":{\"@id\":\"https:\\\/\\\/colegiolourdes.es\\\/#website\"},\"datePublished\":\"2021-03-18T15:37:18+00:00\",\"dateModified\":\"2025-05-05T09:46:00+00:00\",\"inLanguage\":\"es\",\"potentialAction\":[{\"@type\":\"ReadAction\",\"target\":[\"https:\\\/\\\/colegiolourdes.es\\\/index.php\\\/visitanos\\\/\"]}]},{\"@type\":\"WebSite\",\"@id\":\"https:\\\/\\\/colegiolourdes.es\\\/#website\",\"url\":\"https:\\\/\\\/colegiolourdes.es\\\/\",\"name\":\"Colegio Lourdes\",\"description\":\"Web del Colegio Nuestra Se\u00f1ora de Lourdes de Valladolid.\",\"publisher\":{\"@id\":\"https:\\\/\\\/colegiolourdes.es\\\/#organization\"},\"alternateName\":\"Colegio Nuestra Se\u00f1ora de Lourdes\",\"potentialAction\":[{\"@type\":\"SearchAction\",\"target\":{\"@type\":\"EntryPoint\",\"urlTemplate\":\"https:\\\/\\\/colegiolourdes.es\\\/?s={search_term_string}\"},\"query-input\":{\"@type\":\"PropertyValueSpecification\",\"valueRequired\":true,\"valueName\":\"search_term_string\"}}],\"inLanguage\":\"es\"},{\"@type\":\"Organization\",\"@id\":\"https:\\\/\\\/colegiolourdes.es\\\/#organization\",\"name\":\"Colegio Nuestra Se\u00f1ora de Lourdes\",\"alternateName\":\"Colegio Lourdes Valladolid\",\"url\":\"https:\\\/\\\/colegiolourdes.es\\\/\",\"logo\":{\"@type\":\"ImageObject\",\"inLanguage\":\"es\",\"@id\":\"https:\\\/\\\/colegiolourdes.es\\\/#\\\/schema\\\/logo\\\/image\\\/\",\"url\":\"https:\\\/\\\/colegiolourdes.es\\\/wp-content\\\/uploads\\\/2021\\\/11\\\/cropped-Escudo.png\",\"contentUrl\":\"https:\\\/\\\/colegiolourdes.es\\\/wp-content\\\/uploads\\\/2021\\\/11\\\/cropped-Escudo.png\",\"width\":85,\"height\":105,\"caption\":\"Colegio Nuestra Se\u00f1ora de Lourdes\"},\"image\":{\"@id\":\"https:\\\/\\\/colegiolourdes.es\\\/#\\\/schema\\\/logo\\\/image\\\/\"},\"sameAs\":[\"https:\\\/\\\/www.facebook.com\\\/colegiolourdesva\",\"https:\\\/\\\/x.com\\\/ColeLourdesVa\",\"https:\\\/\\\/www.instagram.com\\\/colegio_lourdes_valladolid\\\/\"]}]}<\/script>\n<!-- \/ Yoast SEO plugin. -->","yoast_head_json":{"title":"Vis\u00edtanos - Colegio Lourdes","robots":{"index":"index","follow":"follow","max-snippet":"max-snippet:-1","max-image-preview":"max-image-preview:large","max-video-preview":"max-video-preview:-1"},"canonical":"https:\/\/colegiolourdes.es\/index.php\/visitanos\/","og_locale":"es_ES","og_type":"article","og_title":"Vis\u00edtanos - Colegio Lourdes","og_description":"Visita virtual Te ense\u00f1amos nuestro Colegio online. Vis\u00edtanos cuando quieras desde cualquier lugar. Y si lo que quieres es visitarnos presencialmente cumpliendo con toda la normativa anti-COVID, ll\u00e1manos al 983 334 822. Pincha en cada zona para navegar virtualmente por ella. Teatro Polideportivo Administraci\u00f3n Infantil Biblioteca Patio 2 Judo Iglesia Comedor Patio Imagen Ntra. Sra.&hellip; Seguir leyendo Vis\u00edtanos","og_url":"https:\/\/colegiolourdes.es\/index.php\/visitanos\/","og_site_name":"Colegio Lourdes","article_publisher":"https:\/\/www.facebook.com\/colegiolourdesva","article_modified_time":"2025-05-05T09:46:00+00:00","twitter_card":"summary_large_image","twitter_site":"@ColeLourdesVa","schema":{"@context":"https:\/\/schema.org","@graph":[{"@type":"WebPage","@id":"https:\/\/colegiolourdes.es\/index.php\/visitanos\/","url":"https:\/\/colegiolourdes.es\/index.php\/visitanos\/","name":"Vis\u00edtanos - Colegio Lourdes","isPartOf":{"@id":"https:\/\/colegiolourdes.es\/#website"},"datePublished":"2021-03-18T15:37:18+00:00","dateModified":"2025-05-05T09:46:00+00:00","inLanguage":"es","potentialAction":[{"@type":"ReadAction","target":["https:\/\/colegiolourdes.es\/index.php\/visitanos\/"]}]},{"@type":"WebSite","@id":"https:\/\/colegiolourdes.es\/#website","url":"https:\/\/colegiolourdes.es\/","name":"Colegio Lourdes","description":"Web del Colegio Nuestra Se\u00f1ora de Lourdes de Valladolid.","publisher":{"@id":"https:\/\/colegiolourdes.es\/#organization"},"alternateName":"Colegio Nuestra Se\u00f1ora de Lourdes","potentialAction":[{"@type":"SearchAction","target":{"@type":"EntryPoint","urlTemplate":"https:\/\/colegiolourdes.es\/?s={search_term_string}"},"query-input":{"@type":"PropertyValueSpecification","valueRequired":true,"valueName":"search_term_string"}}],"inLanguage":"es"},{"@type":"Organization","@id":"https:\/\/colegiolourdes.es\/#organization","name":"Colegio Nuestra Se\u00f1ora de Lourdes","alternateName":"Colegio Lourdes Valladolid","url":"https:\/\/colegiolourdes.es\/","logo":{"@type":"ImageObject","inLanguage":"es","@id":"https:\/\/colegiolourdes.es\/#\/schema\/logo\/image\/","url":"https:\/\/colegiolourdes.es\/wp-content\/uploads\/2021\/11\/cropped-Escudo.png","contentUrl":"https:\/\/colegiolourdes.es\/wp-content\/uploads\/2021\/11\/cropped-Escudo.png","width":85,"height":105,"caption":"Colegio Nuestra Se\u00f1ora de Lourdes"},"image":{"@id":"https:\/\/colegiolourdes.es\/#\/schema\/logo\/image\/"},"sameAs":["https:\/\/www.facebook.com\/colegiolourdesva","https:\/\/x.com\/ColeLourdesVa","https:\/\/www.instagram.com\/colegio_lourdes_valladolid\/"]}]}},"_links":{"self":[{"href":"https:\/\/colegiolourdes.es\/index.php\/wp-json\/wp\/v2\/pages\/3338","targetHints":{"allow":["GET"]}}],"collection":[{"href":"https:\/\/colegiolourdes.es\/index.php\/wp-json\/wp\/v2\/pages"}],"about":[{"href":"https:\/\/colegiolourdes.es\/index.php\/wp-json\/wp\/v2\/types\/page"}],"author":[{"embeddable":true,"href":"https:\/\/colegiolourdes.es\/index.php\/wp-json\/wp\/v2\/users\/1"}],"replies":[{"embeddable":true,"href":"https:\/\/colegiolourdes.es\/index.php\/wp-json\/wp\/v2\/comments?post=3338"}],"version-history":[{"count":32,"href":"https:\/\/colegiolourdes.es\/index.php\/wp-json\/wp\/v2\/pages\/3338\/revisions"}],"predecessor-version":[{"id":27829,"href":"https:\/\/colegiolourdes.es\/index.php\/wp-json\/wp\/v2\/pages\/3338\/revisions\/27829"}],"wp:attachment":[{"href":"https:\/\/colegiolourdes.es\/index.php\/wp-json\/wp\/v2\/media?parent=3338"}],"curies":[{"name":"wp","href":"https:\/\/api.w.org\/{rel}","templated":true}]}}