{"id":73419,"date":"2024-05-09T11:40:25","date_gmt":"2024-05-09T09:40:25","guid":{"rendered":"https:\/\/colegiolourdes.es\/?page_id=73419"},"modified":"2025-05-05T11:32:15","modified_gmt":"2025-05-05T09:32:15","slug":"trabaja-con-nosotros","status":"publish","type":"page","link":"https:\/\/colegiolourdes.es\/index.php\/trabaja-con-nosotros\/","title":{"rendered":"Trabaja con nosotros"},"content":{"rendered":"<div class=\"brz-root__container brz-reset-all brz brz-root__container-page\">\n<section id=\"_qiwvfinzrntqdwgrzfntanaxnehphyjjtrcz\" class=\"brz-section brz-css-1xxfpz6\">\n<div class=\"brz-section__content brz-section--fullWidth brz-css-d440y1 brz-css-1mpswf4\" data-brz-custom-id=\"qagojhohkxbbbjvyauuenpaasigjtyeoafnq\">\n<div class=\"brz-bg\">\n<div class=\"brz-bg-color\"><\/div>\n<\/div>\n<div class=\"brz-container brz-css-1rqahfc brz-css-jf13pb\">\n<div id=\"\" class=\"brz-css-zbae1 brz-wrapper\">\n<div class=\"brz-rich-text brz-rich-text__custom brz-css-5n1u4s\" data-brz-custom-id=\"qgbsnaszdeedvavcdidasjrlhrktkkdoduuo\">\n<div data-brz-translate-text=\"1\">\n<p class=\"brz-text-lg-right brz-bcp-color7 brz-fs-xs-30 brz-fss-xs-px brz-fw-xs-700 brz-ls-xs-m_1 brz-lh-xs-1_3 brz-tp-xs-empty brz-text-xs-center brz-fss-sm-px brz-fw-sm-700 brz-ls-sm-m_1 brz-lh-sm-1_2 brz-tp-sm-empty brz-fs-sm-43 brz-fss-lg-px brz-fw-lg-700 brz-ls-lg-m_1_5 brz-lh-lg-1 brz-vfw-lg-400 brz-fwdth-lg-100 brz-fsft-lg-0 brz-tp-lg-empty brz-ff-overpass brz-ft-google brz-fs-lg-40 brz-css-xCtvs\" data-uniq-id=\"mhBDy\" data-generated-css=\"brz-css-fkHIY\"><span class=\"brz-cp-color1\">Trabaja con nosotros<\/span><\/p>\n<\/div>\n<\/div>\n<\/div>\n<\/div>\n<\/div>\n<\/section>\n<section id=\"_dnjcicqjitybumebacddxowbctuhabuuvqie\" class=\"brz-section brz-css-1xxfpz6\">\n<div class=\"brz-section__content brz-section--fullWidth brz-css-d440y1 brz-css-19uw15c\" data-brz-custom-id=\"jzosagcygiumbylssdqpojzxpybqiivwjllb\">\n<div class=\"brz-bg\">\n<div class=\"brz-bg-color\"><\/div>\n<\/div>\n<div class=\"brz-container brz-css-1rqahfc brz-css-7ezmq8\">\n<div id=\"\" class=\"brz-css-zbae1 brz-wrapper\">\n<div class=\"brz-rich-text brz-rich-text__custom brz-css-5n1u4s\" data-brz-custom-id=\"ognwmsbocbroumboyhysibnajbeiljwbxwrb\">\n<div data-brz-translate-text=\"1\">\n<h4 class=\"brz-text-lg-center brz-text-xs-center brz-tp-xs-empty brz-fs-xs-28 brz-fss-xs-px brz-fw-xs-700 brz-ls-xs-m_1 brz-lh-xs-1 brz-fss-lg-px brz-fw-lg-700 brz-ls-lg-m_1_5 brz-lh-lg-1_3 brz-vfw-lg-400 brz-fwdth-lg-100 brz-fsft-lg-0 brz-tp-lg-empty brz-ff-overpass brz-ft-google brz-fs-lg-32 brz-css-iRdsG\" data-generated-css=\"brz-css-xCJH0\" data-uniq-id=\"c1mc7\"><span class=\"brz-cp-color1\">Env\u00eda tu curr\u00edculum<\/span><\/h4>\n<\/div>\n<\/div>\n<\/div>\n<div id=\"\" class=\"brz-css-zbae1 brz-wrapper\">\n<div class=\"brz-accordion brz-css-16c9g61 brz-css-jknmuk\" data-brz-duration=\"300\" data-brz-custom-id=\"oushcvorwuafivilyryqicgqiglecdsjilpe\">\n<div class=\"brz-accordion__item brz-accordion__item--active\">\n<div class=\"brz-accordion__nav\" data-brz-collapsible=\"on\"><span data-brz-translate-text=\"1\" class=\"brz-accordion__nav-title brz-span brz-text__editor\"><\/span><\/div>\n<div class=\"brz-accordion__content brz-d-xs-flex brz-flex-xs-column\">\n<div class=\"brz-accordion__item-content brz-d-xs-flex brz-flex-xs-column\">\n<div id=\"\" class=\"brz-css-zbae1 brz-css-wft263 brz-wrapper\">\n<div class=\"brz-rich-text brz-rich-text__custom brz-css-5n1u4s\" data-brz-custom-id=\"dfgwzqxddetbbdurzisxwnkyqtxeysqjvwex\">\n<div data-brz-translate-text=\"1\">\n<p class=\"brz-tp-lg-paragraph brz-css-jNcBf\" data-uniq-id=\"vdcvG\" data-generated-css=\"brz-css-aXkX9\"><span>Si quieres formar parte de nuestro proyecto educativo trabajando en nuestro centro,<\/span><strong>&nbsp;<\/strong><span>env\u00eda tu curr\u00edculum&nbsp;a la siguiente direcci\u00f3n indicando en el asunto tu nombre y el puesto para el que realizas la solicitud a la siguiente direcci\u00f3n:<\/span><\/p>\n<p class=\"brz-text-lg-center brz-tp-lg-paragraph brz-css-dEqsQ\" data-uniq-id=\"nnFpq\" data-generated-css=\"brz-css-bCtxw\"><a class=\"link--external\" href=\"mailto:CV@colegiolourdes.es\" data-brz-link-type=\"external\">CV@colegiolourdes.es<\/a><a class=\"link--external\" href=\"mailto:CV@colegiolourdes.es\" data-brz-link-type=\"external\"> <\/a><\/p>\n<p class=\"brz-tp-lg-paragraph brz-css-jBGc_\" data-uniq-id=\"aaj0G\" data-generated-css=\"brz-css-vXLm_\"><span>Tu curr\u00edculum pasar\u00e1 a formar parte de nuestra base de datos y ser\u00e1 tratado de acuerdo al tratamiento de protecci\u00f3n de datos que se indica a continuaci\u00f3n.<\/span><\/p>\n<p class=\"brz-tp-lg-paragraph brz-css-xyr14\" data-uniq-id=\"e5yea\" data-generated-css=\"brz-css-xolhZ\"><\/p>\n<p class=\"brz-tp-lg-paragraph brz-css-hdxPS\" data-uniq-id=\"uStm5\" data-generated-css=\"brz-css-tuc2l\"><span>Conforme a la normativa vigente en materia de protecci\u00f3n de datos de car\u00e1cter personal, te informamos de que el COLEGIO NUESTRA SE\u00d1ORA DE LOURDES es el responsable del tratamiento de sus datos facilitados a trav\u00e9s de su solicitud de empleo y que los mismos ser\u00e1n tratados con la finalidad de hacerle participar en los procesos de selecci\u00f3n de personal que se realicen por el Centro.<\/span><\/p>\n<p class=\"brz-tp-lg-paragraph brz-css-wtMPR\" data-uniq-id=\"s8oao\" data-generated-css=\"brz-css-ssFVY\"><span> <\/span><\/p>\n<p class=\"brz-tp-lg-paragraph brz-css-bw4_y\" data-uniq-id=\"v9pjG\" data-generated-css=\"brz-css-zA9bd\"><span>La legitimaci\u00f3n de este tratamiento de datos reside en el consentimiento que nos otorga en virtud de su candidatura espont\u00e1nea. No se ceder\u00e1n sus datos a terceros, salvo que la cesi\u00f3n sea l\u00edcita conforme a lo establecido en el Reglamento Europeo de Protecci\u00f3n de Datos y la normativa espa\u00f1ola vigente.<\/span><\/p>\n<p class=\"brz-tp-lg-paragraph brz-css-xZyPl\" data-uniq-id=\"wTITR\" data-generated-css=\"brz-css-zoT8k\"><span> <\/span><\/p>\n<p class=\"brz-tp-lg-paragraph brz-css-rN5CP\" data-uniq-id=\"nOj6b\" data-generated-css=\"brz-css-mfLv9\"><span>En caso de producirse alguna modificaci\u00f3n en sus datos, le rogamos nos lo comunique debidamente. Asimismo, le comunicamos que transcurrido dos a\u00f1os desde la recepci\u00f3n de su curr\u00edculum vitae, procederemos a su destrucci\u00f3n segura.<\/span><\/p>\n<p class=\"brz-tp-lg-paragraph brz-css-zpXNn\" data-generated-css=\"brz-css-i5V3l\" data-uniq-id=\"bk5yA\"><span>Tiene derecho a acceder, rectificar y suprimir sus datos, as\u00ed como otros derechos, como se explica en el en nuestra <\/span><a class=\"brz-cp-color1 link--external\" href=\"https:\/\/colegiolourdes.es\/index.php\/politica-privacidad\/\" data-brz-link-type=\"external\" target=\"_blank\">Pol\u00edtica de Privacidad<\/a><\/p>\n<p class=\"brz-tp-lg-paragraph brz-css-n3NV1\" data-generated-css=\"brz-css-mwHtz\" data-uniq-id=\"x_PIU\"><span> <\/span><\/p>\n<\/div>\n<\/div>\n<\/div>\n<\/div>\n<\/div>\n<\/div>\n<\/div>\n<\/div>\n<\/div>\n<\/div>\n<\/section>\n<\/div>\n<p>    <!-- version:1737023992 --><\/p>\n","protected":false},"excerpt":{"rendered":"<p>Trabaja con nosotros Env\u00eda tu curr\u00edculum Si quieres formar parte de nuestro proyecto educativo trabajando en nuestro centro,&nbsp;env\u00eda tu curr\u00edculum&nbsp;a la siguiente direcci\u00f3n indicando en el asunto tu nombre y el puesto para el que realizas la solicitud a la siguiente direcci\u00f3n: CV@colegiolourdes.es Tu curr\u00edculum pasar\u00e1 a formar parte de nuestra base de datos y&hellip; <a class=\"more-link\" href=\"https:\/\/colegiolourdes.es\/index.php\/trabaja-con-nosotros\/\">Seguir leyendo <span class=\"screen-reader-text\">Trabaja con nosotros<\/span><\/a><\/p>\n","protected":false},"author":5,"featured_media":0,"parent":0,"menu_order":0,"comment_status":"closed","ping_status":"closed","template":"brizy-blank-template.php","meta":{"footnotes":""},"class_list":["post-73419","page","type-page","status-publish","hentry","entry"],"yoast_head":"<!-- This site is optimized with the Yoast SEO plugin v27.5 - https:\/\/yoast.com\/product\/yoast-seo-wordpress\/ -->\n<title>Trabaja con nosotros - Colegio Lourdes<\/title>\n<meta name=\"robots\" content=\"index, follow, max-snippet:-1, max-image-preview:large, max-video-preview:-1\" \/>\n<link rel=\"canonical\" href=\"https:\/\/colegiolourdes.es\/index.php\/trabaja-con-nosotros\/\" \/>\n<meta property=\"og:locale\" content=\"es_ES\" \/>\n<meta property=\"og:type\" content=\"article\" \/>\n<meta property=\"og:title\" content=\"Trabaja con nosotros - Colegio Lourdes\" \/>\n<meta property=\"og:description\" content=\"Trabaja con nosotros Env\u00eda tu curr\u00edculum Si quieres formar parte de nuestro proyecto educativo trabajando en nuestro centro,&nbsp;env\u00eda tu curr\u00edculum&nbsp;a la siguiente direcci\u00f3n indicando en el asunto tu nombre y el puesto para el que realizas la solicitud a la siguiente direcci\u00f3n: CV@colegiolourdes.es Tu curr\u00edculum pasar\u00e1 a formar parte de nuestra base de datos y&hellip; Seguir leyendo Trabaja con nosotros\" \/>\n<meta property=\"og:url\" content=\"https:\/\/colegiolourdes.es\/index.php\/trabaja-con-nosotros\/\" \/>\n<meta property=\"og:site_name\" content=\"Colegio Lourdes\" \/>\n<meta property=\"article:publisher\" content=\"https:\/\/www.facebook.com\/colegiolourdesva\" \/>\n<meta property=\"article:modified_time\" content=\"2025-05-05T09:32:15+00:00\" \/>\n<meta name=\"twitter:card\" content=\"summary_large_image\" \/>\n<meta name=\"twitter:site\" content=\"@ColeLourdesVa\" \/>\n<meta name=\"twitter:label1\" content=\"Tiempo de lectura\" \/>\n\t<meta name=\"twitter:data1\" content=\"8 minutos\" \/>\n<script type=\"application\/ld+json\" class=\"yoast-schema-graph\">{\"@context\":\"https:\\\/\\\/schema.org\",\"@graph\":[{\"@type\":\"WebPage\",\"@id\":\"https:\\\/\\\/colegiolourdes.es\\\/index.php\\\/trabaja-con-nosotros\\\/\",\"url\":\"https:\\\/\\\/colegiolourdes.es\\\/index.php\\\/trabaja-con-nosotros\\\/\",\"name\":\"Trabaja con nosotros - Colegio Lourdes\",\"isPartOf\":{\"@id\":\"https:\\\/\\\/colegiolourdes.es\\\/#website\"},\"datePublished\":\"2024-05-09T09:40:25+00:00\",\"dateModified\":\"2025-05-05T09:32:15+00:00\",\"inLanguage\":\"es\",\"potentialAction\":[{\"@type\":\"ReadAction\",\"target\":[\"https:\\\/\\\/colegiolourdes.es\\\/index.php\\\/trabaja-con-nosotros\\\/\"]}]},{\"@type\":\"WebSite\",\"@id\":\"https:\\\/\\\/colegiolourdes.es\\\/#website\",\"url\":\"https:\\\/\\\/colegiolourdes.es\\\/\",\"name\":\"Colegio Lourdes\",\"description\":\"Web del Colegio Nuestra Se\u00f1ora de Lourdes de Valladolid.\",\"publisher\":{\"@id\":\"https:\\\/\\\/colegiolourdes.es\\\/#organization\"},\"alternateName\":\"Colegio Nuestra Se\u00f1ora de Lourdes\",\"potentialAction\":[{\"@type\":\"SearchAction\",\"target\":{\"@type\":\"EntryPoint\",\"urlTemplate\":\"https:\\\/\\\/colegiolourdes.es\\\/?s={search_term_string}\"},\"query-input\":{\"@type\":\"PropertyValueSpecification\",\"valueRequired\":true,\"valueName\":\"search_term_string\"}}],\"inLanguage\":\"es\"},{\"@type\":\"Organization\",\"@id\":\"https:\\\/\\\/colegiolourdes.es\\\/#organization\",\"name\":\"Colegio Nuestra Se\u00f1ora de Lourdes\",\"alternateName\":\"Colegio Lourdes Valladolid\",\"url\":\"https:\\\/\\\/colegiolourdes.es\\\/\",\"logo\":{\"@type\":\"ImageObject\",\"inLanguage\":\"es\",\"@id\":\"https:\\\/\\\/colegiolourdes.es\\\/#\\\/schema\\\/logo\\\/image\\\/\",\"url\":\"https:\\\/\\\/colegiolourdes.es\\\/wp-content\\\/uploads\\\/2021\\\/11\\\/cropped-Escudo.png\",\"contentUrl\":\"https:\\\/\\\/colegiolourdes.es\\\/wp-content\\\/uploads\\\/2021\\\/11\\\/cropped-Escudo.png\",\"width\":85,\"height\":105,\"caption\":\"Colegio Nuestra Se\u00f1ora de Lourdes\"},\"image\":{\"@id\":\"https:\\\/\\\/colegiolourdes.es\\\/#\\\/schema\\\/logo\\\/image\\\/\"},\"sameAs\":[\"https:\\\/\\\/www.facebook.com\\\/colegiolourdesva\",\"https:\\\/\\\/x.com\\\/ColeLourdesVa\",\"https:\\\/\\\/www.instagram.com\\\/colegio_lourdes_valladolid\\\/\"]}]}<\/script>\n<!-- \/ Yoast SEO plugin. -->","yoast_head_json":{"title":"Trabaja con nosotros - Colegio Lourdes","robots":{"index":"index","follow":"follow","max-snippet":"max-snippet:-1","max-image-preview":"max-image-preview:large","max-video-preview":"max-video-preview:-1"},"canonical":"https:\/\/colegiolourdes.es\/index.php\/trabaja-con-nosotros\/","og_locale":"es_ES","og_type":"article","og_title":"Trabaja con nosotros - Colegio Lourdes","og_description":"Trabaja con nosotros Env\u00eda tu curr\u00edculum Si quieres formar parte de nuestro proyecto educativo trabajando en nuestro centro,&nbsp;env\u00eda tu curr\u00edculum&nbsp;a la siguiente direcci\u00f3n indicando en el asunto tu nombre y el puesto para el que realizas la solicitud a la siguiente direcci\u00f3n: CV@colegiolourdes.es Tu curr\u00edculum pasar\u00e1 a formar parte de nuestra base de datos y&hellip; Seguir leyendo Trabaja con nosotros","og_url":"https:\/\/colegiolourdes.es\/index.php\/trabaja-con-nosotros\/","og_site_name":"Colegio Lourdes","article_publisher":"https:\/\/www.facebook.com\/colegiolourdesva","article_modified_time":"2025-05-05T09:32:15+00:00","twitter_card":"summary_large_image","twitter_site":"@ColeLourdesVa","twitter_misc":{"Tiempo de lectura":"8 minutos"},"schema":{"@context":"https:\/\/schema.org","@graph":[{"@type":"WebPage","@id":"https:\/\/colegiolourdes.es\/index.php\/trabaja-con-nosotros\/","url":"https:\/\/colegiolourdes.es\/index.php\/trabaja-con-nosotros\/","name":"Trabaja con nosotros - Colegio Lourdes","isPartOf":{"@id":"https:\/\/colegiolourdes.es\/#website"},"datePublished":"2024-05-09T09:40:25+00:00","dateModified":"2025-05-05T09:32:15+00:00","inLanguage":"es","potentialAction":[{"@type":"ReadAction","target":["https:\/\/colegiolourdes.es\/index.php\/trabaja-con-nosotros\/"]}]},{"@type":"WebSite","@id":"https:\/\/colegiolourdes.es\/#website","url":"https:\/\/colegiolourdes.es\/","name":"Colegio Lourdes","description":"Web del Colegio Nuestra Se\u00f1ora de Lourdes de Valladolid.","publisher":{"@id":"https:\/\/colegiolourdes.es\/#organization"},"alternateName":"Colegio Nuestra Se\u00f1ora de Lourdes","potentialAction":[{"@type":"SearchAction","target":{"@type":"EntryPoint","urlTemplate":"https:\/\/colegiolourdes.es\/?s={search_term_string}"},"query-input":{"@type":"PropertyValueSpecification","valueRequired":true,"valueName":"search_term_string"}}],"inLanguage":"es"},{"@type":"Organization","@id":"https:\/\/colegiolourdes.es\/#organization","name":"Colegio Nuestra Se\u00f1ora de Lourdes","alternateName":"Colegio Lourdes Valladolid","url":"https:\/\/colegiolourdes.es\/","logo":{"@type":"ImageObject","inLanguage":"es","@id":"https:\/\/colegiolourdes.es\/#\/schema\/logo\/image\/","url":"https:\/\/colegiolourdes.es\/wp-content\/uploads\/2021\/11\/cropped-Escudo.png","contentUrl":"https:\/\/colegiolourdes.es\/wp-content\/uploads\/2021\/11\/cropped-Escudo.png","width":85,"height":105,"caption":"Colegio Nuestra Se\u00f1ora de Lourdes"},"image":{"@id":"https:\/\/colegiolourdes.es\/#\/schema\/logo\/image\/"},"sameAs":["https:\/\/www.facebook.com\/colegiolourdesva","https:\/\/x.com\/ColeLourdesVa","https:\/\/www.instagram.com\/colegio_lourdes_valladolid\/"]}]}},"_links":{"self":[{"href":"https:\/\/colegiolourdes.es\/index.php\/wp-json\/wp\/v2\/pages\/73419","targetHints":{"allow":["GET"]}}],"collection":[{"href":"https:\/\/colegiolourdes.es\/index.php\/wp-json\/wp\/v2\/pages"}],"about":[{"href":"https:\/\/colegiolourdes.es\/index.php\/wp-json\/wp\/v2\/types\/page"}],"author":[{"embeddable":true,"href":"https:\/\/colegiolourdes.es\/index.php\/wp-json\/wp\/v2\/users\/5"}],"replies":[{"embeddable":true,"href":"https:\/\/colegiolourdes.es\/index.php\/wp-json\/wp\/v2\/comments?post=73419"}],"version-history":[{"count":4,"href":"https:\/\/colegiolourdes.es\/index.php\/wp-json\/wp\/v2\/pages\/73419\/revisions"}],"predecessor-version":[{"id":73466,"href":"https:\/\/colegiolourdes.es\/index.php\/wp-json\/wp\/v2\/pages\/73419\/revisions\/73466"}],"wp:attachment":[{"href":"https:\/\/colegiolourdes.es\/index.php\/wp-json\/wp\/v2\/media?parent=73419"}],"curies":[{"name":"wp","href":"https:\/\/api.w.org\/{rel}","templated":true}]}}